246368 (base 9) in base 2?
-1110110000100110110100
What is -1011012032 (base 4) in base 7?
-2256065
What is 16100132 (base 7) in base 3?
2220120010222
-301213003 (base 4) to base 15
-4031d
-725c8 (base 16) to base 3
-212210120001
Convert 139904 (base 12) to base 5.
40443032
What is 2222031 (base 6) in base 14?
2cad5
1424612 (base 7) to base 2
101110101101111010
What is 1424 (base 14) in base 4?
313220
Convert -b8170 (base 13) to base 10.
-332007
Convert 108583 (base 12) to base 5.
31412400
241253403 (base 6) to base 14
86585d
a184 (base 16) to base 9
62642
15967a (base 11) to base 9
415787
What is 17d77 (base 16) in base 3?
11221221212
What is -144308 (base 11) in base 3?
-102110001211
What is 1000101011100000011 (base 2) in base 8?
1053403
510554 (base 6) to base 16
9dc6
Convert -67b21a (base 14) to base 8.
-15347470
Convert -53b5b (base 15) to base 3.
-111111121212
Convert -163794 (base 12) to base 3.
-201021122111
What is -1001221020 (base 3) in base 8?
-51145
22032112310 (base 4) to base 2
1010001110010110110100
What is -414143414 (base 5) in base 7?
-20346122
Convert -54499 (base 15) to base 8.
-1012625
Convert 1431007 (base 8) to base 3.
202121221220
Convert -11101111001110110101 (base 2) to base 10.
-979893
What is ca053d (base 14) in base 7?
112063006
Convert -3788007 (base 9) to base 15.
-2ac22d
What is 2570a9 (base 11) in base 3?
202120012111
What is -11002410221 (base 5) in base 13?
-258b286
Convert -753610 (base 11) to base 12.
-4a1610
12202200100112 (base 3) to base 16
2ec1b4
Convert 141030 (base 8) to base 9.
75138
What is 18e8e (base 16) in base 6?
2104210
Convert 102301343 (base 5) to base 13.
121513
1121112002110 (base 3) to base 5
204403031
What is 3011142013 (base 5) in base 13?
1308453
105704 (base 13) to base 6
12115145
What is 12453b (base 14) in base 8?
2307751
Convert 783936 (base 10) to base 4.
2333121000
What is 29ca6 (base 13) in base 2?
10011010011010011
What is 13444306 (base 9) in base 14?
c4cc49
What is 25003253 (base 6) in base 2?
11000001110100110001
What is cc9a1 (base 15) in base 5?
131301201
Convert -104603a (base 11) to base 10.
-1838154
-223002120301 (base 4) to base 8
-53023061
What is 14022464 (base 9) in base 11?
39a9969
Convert 10202211020 (base 3) to base 13.
27a2c
Convert -365765 (base 10) to base 11.
-22a894
Convert -46b881 (base 12) to base 16.
-116521
Convert 1355111 (base 8) to base 13.
105779
-71317 (base 8) to base 5
-1420031
Convert 4501305 (base 6) to base 5.
24211313
42cd91 (base 14) to base 7
25145541
Convert 100044 (base 6) to base 4.
1321330
-146931 (base 16) to base 2
-101000110100100110001
What is -10031231 (base 4) in base 11?
-11a72
What is 4660 (base 7) in base 14?
8a0
What is 307153 (base 9) in base 11?
11502a
What is 385087 (base 10) in base 15?
79177
What is 1857c (base 13) in base 3?
2101120220
Convert -20210204 (base 5) to base 9.
-267750
1577656 (base 9) to base 7
10315335
What is 1031312231 (base 4) in base 8?
1156655
-232313233223 (base 4) to base 12
-414660b
Convert -8abed (base 16) to base 10.
-568301
1719f (base 16) to base 13
340b9
What is 271812 (base 9) in base 4?
220120211
10011002122 (base 3) to base 9
104078
What is 10221201222121 (base 3) in base 15?
2b7797
What is -12112010012110 (base 3) in base 7?
-33643101
What is 140722 (base 11) in base 13?
79486
Convert 21233413 (base 6) to base 9.
1154680
-51bb1e (base 16) to base 14
-9d6022
Convert -15567447 (base 8) to base 13.
-99089c
Convert 205330 (base 7) to base 12.
18661
What is -11002101102101 (base 3) in base 9?
-4071371
Convert 111101111100101011 (base 2) to base 8.
757453
Convert -20a661 (base 15) to base 2.
-101111011011000010101
230256252 (base 7) to base 8
65455453
-2041065 (base 7) to base 9
-413426
Convert -152ec3 (base 15) to base 14.
-1c8939
What is 2a00b3 (base 12) in base 7?
5664600
What is 9a181 (base 11) in base 15?
2d0ae
Convert -15354508 (base 10) to base 4.
-322210222030
Convert 4278446 (base 11) to base 8.
34543337
1286a4 (base 14) to base 7
5264564
Convert 82709a (base 14) to base 10.
4398768
What is -1bd89 (base 16) in base 2?
-11011110110001001
6592013 (base 11) to base 8
54103652
-2133051 (base 6) to base 7
-620014
1414034 (base 5) to base 13
10426
Convert -112430243 (base 5) to base 9.
-863618
What is -6a38c (base 14) in base 7?
-2125035
Convert -6c2150 (base 13) to base 3.
-11211211101202
Convert -211203033 (base 4) to base 16.
-258cf
-1042043012 (base 5) to base 11
-1330929
Convert 2003113232 (base 4) to base 15.
a967e
Convert 1110111010110101 (base 2) to base 4.
32322311
Convert -4545016 (base 8) to base 6.
-42220450
-471041 (base 8) to base 6
-3234025
-311024252 (base 6) to base 2
-10100011110110010101000
What is 12c3432 (base 15) in base 2?
110011100110101110001011
-5a6a17 (base 14) to base 4
-23302310031
What is 115716 (base 10) in base 14?
30256
What is 23451 (base 11) in base 16?
8417
42361661 (base 7) to base 12
1254515
Convert 138328 (base 11) to base 14.
58a19
-b325 (base 13) to base 16
-6081
-676577 (base 8) to base 10
-228735
What is -808e0c (base 15) in base 12?
-20650b6
What is -b832 (base 14) in base 9?
-47548
What is 21202111120121 (base 3) in base 15?
566c4a
What is -16455763 (base 8) in base 6?
-213550335
What is -2000201200 (base 3) in base 16?
-9bd9
Convert -692cdf (base 16) to base 15.
-91247c
What is -420023211 (base 6) in base 2?
-11011110001101111110111
What is -45540 (base 6) in base 4?
-1211010
What is 6027206 (base 8) in base 9?
2874810
Convert 114023422 (base 5) to base 6.
15231311
a4dc06 (base 14) to base 5
2411214214
What is 100100122112 (base 3) in base 11?
116418
-10111010101110111001 (base 2) to base 9
-1385161
Convert 1100202120 (base 3) to base 14.
9aa3
Convert -5a417 (base 12) to base 7.
-1014250
a1d139 (base 15) to base 8
35250521
What is -356775 (base 8) in base 7?
-1016515
Convert 330012114 (base 5) to base 11.
881246
What is 1131133210 (base 4) in base 16?
5d7e4
What is 2532574 (base 10) in base 7?
30345412
47b06 (base 12) to base 14
27302
What is -2102022111100 (base 3) in base 5?
-312114322
536720 (base 10) to base 9
1007215
-12355554 (base 7) to base 13
-304371
What is -11221202100012 (base 3) in base 16?
-282bdb
Convert 325600 (base 10) to base 2.
1001111011111100000
Convert -14796 (base 10) to base 8.
-34714
Convert 224374 (base 9) to base 8.
406456
11244646 (base 7) to base 12
3b67ba
39527 (base 12) to base 14
2087d
540072 (base 8) to base 13
6409b
Convert 2004241 (base 5) to base 13.
1163a
10121121110 (base 3) to base 11
49509
What is -5683a (base 13) in base 5?
-20014023
What is -32629 (base 13) in base 7?
-526450
-4133031 (base 5) to base 4
-100210303
-2096131 (base 12) to base 11
-3533a70
What is -1422677 (base 8) in base 6?
-12345103
Convert -327bb23 (base 12) to base 3.
-200002211001200
1100001011000101010101 (base 2) to base 13
879652
Convert 403783 (base 12) to base 14.
1c1043
Convert -245946 (base 12) to base 4.
-2100030012
31111214 (base 8) to base 16
64928c
What is 25541131 (base 6) in base 12?
3447a7
Convert -43ad65 (base 14) to base 9.
-4280331
What is -18317016 (base 9) in base 5?
-4330121243
What is 1588643 (base 9) in base 8?
3301433
Convert -20d66 (base 16) to base 7.
-1100064
What is -1332655 (base 12) in base 4?
-32133200201
What is 2110220213 (base 4) in base 6?
21014315
Convert -51835 (base 9) to base 13.
-1275b
What is 3544112 (base 8) in base 6?
32433030
What is -150136212 (base 7) in base 11?
-5658601
10003122 (base 5) to base 4
103023021
What is 23715 (base 14) in base 5?
10231310
Convert -36bad (base 16) to base 7.
-1622365
Convert 222100230 (base 6) to base 7.
46112640
Convert 3716242 (base 8) to base 11.
639776
10222042 (base 5) to base 14
23437
What is 215036 (base 7) in base 6?
450445
Convert 120102010002201 (base 3) to base 4.
133033212310
200220002220 (base 3) to base 9
626086
What is 1202110 (base 7) in base 8?
450705
-100000101000111100001 (base 2) to base 9
-2010114
What is -1220132113 (base 4) in base 11?
-272565
10100001001000101100 (base 2) to base 7
5416143
-b5c9 (base 13) to base 3
-1021112111
Convert 185443 (base 10) to base 5.
21413233
-163043 (base 10) to base 15
-33498
What is 31463a4 (base 12) in base 15?
c3ab37
-5754b2 (base 15) to base 10
-4169192
Convert 1878086 (base 9) to base 2.
1000000011011